te the remainder when 279 is divided by 270.
9
Calculate the remainder when 671 is divided by 15.
11
Calculate the remainder when 4277 is divided by 69.
68
What is the remainder when 160 is divided by 156?
4
What is the remainder when 1914 is divided by 273?
3
Calculate the remainder when 2473 is divided by 15.
13
Calculate the remainder when 501 is divided by 63.
60
What is the remainder when 880 is divided by 9?
7
Calculate the remainder when 2841 is divided by 15.
6
Calculate the remainder when 62 is divided by 48.
14
What is the remainder when 447 is divided by 19?
10
What is the remainder when 955 is divided by 48?
43
What is the remainder when 266 is divided by 58?
34
Calculate the remainder when 8526 is divided by 2.
0
Calculate the remainder when 620 is divided by 23.
22
What is the remainder when 1145 is divided by 567?
11
Calculate the remainder when 1317 is divided by 22.
19
What is the remainder when 384 is divided by 209?
175
What is the remainder when 1144 is divided by 18?
10
Calculate the remainder when 1427 is divided by 11.
8
Calculate the remainder when 20 is divided by 10.
0
Calculate the remainder when 1327 is divided by 163.
23
Calculate the remainder when 1182 is divided by 171.
156
Calculate the remainder when 4326 is divided by 90.
6
Calculate the remainder when 222 is divided by 25.
22
Calculate the remainder when 1933 is divided by 66.
19
What is the remainder when 1009 is divided by 25?
9
What is the remainder when 838 is divided by 156?
58
Calculate the remainder when 228 is divided by 40.
28
Calculate the remainder when 22 is divided by 7.
1
Calculate the remainder when 1344 is divided by 90.
84
What is the remainder when 502 is divided by 21?
19
Calculate the remainder when 381 is divided by 64.
61
What is the remainder when 411 is divided by 19?
12
Calculate the remainder when 635 is divided by 161.
152
What is the remainder when 124 is divided by 21?
19
Calculate the remainder when 137 is divided by 15.
2
What is the remainder when 427 is divided by 32?
11
What is the remainder when 614 is divided by 239?
136
What is the remainder when 73 is divided by 15?
13
What is the remainder when 403 is divided by 29?
26
Calculate the remainder when 112 is divided by 89.
23
Calculate the remainder when 267 is divided by 89.
0
Calculate the remainder when 448 is divided by 135.
43
What is the remainder when 673 is divided by 15?
13
What is the remainder when 1192 is divided by 1166?
26
What is the remainder when 848 is divided by 219?
191
What is the remainder when 1675 is divided by 42?
37
What is the remainder when 763 is divided by 45?
43
What is the remainder when 222 is divided by 15?
12
What is the remainder when 954 is divided by 269?
147
Calculate the remainder when 305 is divided by 98.
11
What is the remainder when 69 is divided by 68?
1
What is the remainder when 386 is divided by 14?
8
Calculate the remainder when 105 is divided by 94.
11
Calculate the remainder when 14 is divided by 10.
4
Calculate the remainder when 200 is divided by 19.
10
Calculate the remainder when 14274 is divided by 25.
24
Calculate the remainder when 5359 is divided by 54.
13
Calculate the remainder when 732 is divided by 23.
19
Calculate the remainder when 35 is divided by 15.
5
What is the remainder when 135 is divided by 40?
15
Calculate the remainder when 229 is divided by 110.
9
Calculate the remainder when 355 is divided by 89.
88
What is the remainder when 383 is divided by 202?
181
What is the remainder when 1070 is divided by 16?
14
Calculate the remainder when 190 is divided by 106.
84
What is the remainder when 4974 is divided by 83?
77
What is the remainder when 12389 is divided by 70?
69
What is the remainder when 177 is divided by 18?
15
Calculate the remainder when 24 is divided by 13.
11
Calculate the remainder when 917 is divided by 449.
19
What is the remainder when 227 is divided by 33?
29
What is the remainder when 26253 is divided by 16?
13
Calculate the remainder when 15 is divided by 6.
3
Calculate the remainder when 508 is divided by 34.
32
What is the remainder when 22 is divided by 21?
1
Calculate the remainder when 119 is divided by 46.
27
What is the remainder when 3348 is divided by 210?
198
What is the remainder when 3364 is divided by 30?
4
What is the remainder when 594 is divided by 100?
94
Calculate the remainder when 208 is divided by 106.
102
What is the remainder when 133 is divided by 5?
3
Calculate the remainder when 1539 is divided by 110.
109
What is the remainder when 534 is divided by 62?
38
Calculate the remainder when 989 is divided by 245.
9
What is the remainder when 114 is divided by 42?
30
Calculate the remainder when 1615 is divided by 101.
100
What is the remainder when 2860 is divided by 952?
4
What is the remainder when 598 is divided by 30?
28
What is the remainder when 2446 is divided by 79?
76
What is the remainder when 24 is divided by 23?
1
Calculate the remainder when 256 is divided by 26.
22
What is the remainder when 78 is divided by 27?
24
What is the remainder when 58 is divided by 21?
16
Calculate the remainder when 130 is divided by 24.
10
Calculate the remainder when 138 is divided by 31.
14
What is the remainder when 451 is divided by 24?
19
What is the remainder when 100 is divided by 7?
2
What is the remainder when 518 is divided by 40?
38
What is the remainder when 4953 is divided by 27?
12
What is the remainder when 360 is divided by 4?
0
What is the remainder when 244 is divided by 126?
118
What is the remainder when 511 is divided by 89?
66
What is the remainder when 1594 is divided by 216?
82
Calculate the remainder when 1964 is divided by 139.
18
What is the remainder when 119 is divided by 40?
39
What is the remainder when 65 is divided by 22?
21
Calculate the remainder when 7771 is divided by 58.
57
Calculate the remainder when 228 is divided by 71.
15
Calculate the remainder when 627 is divided by 60.
27
Calculate the remainder when 451 is divided by 160.
131
What is the remainder when 8774 is divided by 231?
227
Calculate the remainder when 892 is divided by 157.
107
What is the remainder when 314 is divided by 97?
23
What is the remainder when 4969 is divided by 70?
69
Calculate the remainder when 442 is divided by 111.
109
Calculate the remainder when 1280 is divided by 130.
110
Calculate the remainder when 977 is divided by 255.
212
What is the remainder when 76 is divided by 70?
6
What is the remainder when 127 is divided by 36?
19
Calculate the remainder when 144 is divided by 37.
33
What is the remainder when 1817 is divided by 43?
11
Calculate the remainder when 1900 is divided by 237.
4
What is the remainder when 47 is divided by 13?
8
What is the remainder when 1724 is divided by 69?
68
Calculate the remainder when 5090 is divided by 76.
74
Calculate the remainder when 57 is divided by 18.
3
What is the remainder when 347 is divided by 198?
149
What is the remainder when 159 is divided by 9?
6
What is the remainder when 1141 is divided by 58?
39
Calculate the remainder when 3357 is divided by 5.
2
What is the remainder when 41 is divided by 25?
16
Calculate the remainder when 1506 is divided by 4.
2
Calculate the remainder when 627 is divided by 42.
39
What is the remainder when 2046 is divided by 159?
138
What is the remainder when 1739 is divided by 22?
1
Calculate the remainder when 48 is divided by 27.
21
Calculate the remainder when 11098 is divided by 111.
109
Calculate the remainder when 130 is divided by 29.
14
What is the remainder when 361 is divided by 11?
9
What is the remainder when 2206 is divided by 23?
21
Calculate the remainder when 5903 is divided by 41.
40
What is the remainder when 304 is divided by 74?
8
Calculate the remainder when 897 is divided by 60.
57
Calculate the remainder when 1016 is divided by 274.
194
Calculate the remainder when 395 is divided by 27.
17
Calculate the remainder when 291 is divided by 269.
22
Calculate the remainder when 49 is divided by 14.
7
What is the remainder when 5541 is divided by 34?
33
Calculate the remainder when 1365 is divided by 229.
220
What is the remainder when 569 is divided by 88?
41
What is the remainder when 1557 is divided by 368?
85
Calculate the remainder when 422 is divid